 is the remainder when c(3) is divided by l(1)?
4
What is the remainder when (-780)/(-18)*(22/10 + -1) is divided by 6?
4
Let o = -2 - -8. Let i(d) = -d**3 + 5*d**2 - 3*d - 1. Calculate the remainder when o/4*48/9 is divided by i(4).
2
Let d(l) = -59*l - 8. Let p(y) = -30*y - 4. Let t(h) = -2*d(h) + 5*p(h). Let c be t(-6). Suppose c = 4*k - 0*k. Calculate the remainder when k is divided by 16.
15
Let t = -43 - -110. Calculate the remainder when t is divided by 14.
11
Suppose -2 = -2*l + l. Suppose f + l = 37. Suppose 0*x - 2*x = -4*n - 24, 0 = 4*n. Calculate the remainder when f is divided by x.
11
Let y(o) = o**3 + 13*o**2 - 13*o + 21. What is the remainder when 7 is divided by y(-14)?
0
Let w = -8 - -9. Let p = 4 + w. What is the remainder when 18 is divided by p?
3
Suppose 2*p = -w - 2*p - 28, -4*w + 2*p - 130 = 0. What is the remainder when 23/4 + (-8)/w is divided by 3?
0
Suppose -2*t - 3*t = 30. Let m(l) = 2*l**2 + 8*l + 5. Calculate the remainder when m(t) is divided by 16.
13
Suppose i + 3*i - 300 = 0. Suppose -3*j - 40 = -c, -j - i - 85 = -3*c. Suppose -5*o + c = -0*o. What is the remainder when o is divided by 6?
5
Suppose -5*v + 5*g = -65, 16 = 3*v - 4*g - 25. What is the remainder when 40 is divided by v?
7
Suppose -24*p + 20*p + 168 = 0. Calculate the remainder when p is divided by 22.
20
Let l(n) = n - 1 - 2 + 17*n**2 + 0*n**2. Let g be l(-3). Suppose 0 = 3*z + 33 - g. What is the remainder when z is divided by 20?
18
Let g(r) be the second derivative of -r**5/20 + 11*r**4/12 + 7*r**3/3 - 4*r**2 + 2*r. Suppose v = -3*v + 24. What is the remainder when g(12) is divided by v?
4
Let g(f) = f. Let d be g(3). Suppose 4*u + d - 191 = 0. What is the remainder when u is divided by 16?
15
Suppose -2*u + 5*p = -81, 3*u + 38 - 222 = -5*p. What is the remainder when u is divided by 27?
26
Suppose 4*h = 16 - 8. Suppose 23 = h*t + 1. What is the remainder when 30 is divided by t?
8
Suppose -x = -0*x - 99. Let g = x - 54. Calculate the remainder when g is divided by 23.
22
Let o(v) = v**2 - 3*v - 23. Calculate the remainder when o(7) is divided by 2.
1
Let i = -284 - -922. Suppose -4*r = -i - 342. Suppose 0 = -k + 6*k - r. Calculate the remainder when k is divided by 17.
15
Let v(h) = h**2 - 7*h - 6. Let j be v(10). Let k(t) = t**3 - 3*t**2 - 3*t + 1. Let f be k(4). Let o = j - f. Calculate the remainder when 55 is divided by o.
17
Let b = 82 + -37. Calculate the remainder when b is divided by 17 + (-2)/(2 - 0).
13
Let s(w) = -3*w. What is the remainder when 26 is divided by s(-5)?
11
Suppose -47 + 11 = -6*j. Suppose -5*h + 27 = -13. Calculate the remainder when h is divided by j.
2
Let t(c) = c**2 - c**3 - c**2 - 5 + 3*c - 4*c**2. Let f(m) = 4*m + 1. What is the remainder when t(-6) is divided by f(4)?
15
Let c(b) = -b**3 + b + 58. Let p be 3 - (4 + (-3 - -2)). What is the remainder when c(p) is divided by 15?
13
Let d(m) = 6*m**3 - m**2 - m - 4. What is the remainder when 75 is divided by d(2)?
37
Let n = -56 - -73. Calculate the remainder when 50 is divided by n.
16
Let t = -6 + 9. Suppose -2*o + 9 = -5*k, -k + 5*o = 8 + t. What is the remainder when -2*(-5 + 0) - k is divided by 6?
5
Suppose 0*n + 4 = -2*n. Let h = 9 - n. Calculate the remainder when h is divided by 3.
2
Suppose 6*d - 260 = d. Let n = -23 + d. Calculate the remainder when n is divided by 10.
9
Let y be (-252)/(-9)*(-18)/(-7). Suppose 0*d - 4*d + y = 0. What is the remainder when d is divided by 7?
4
Let c(y) = -15*y**3 + y + 1. Let v = -5 - 1. What is the remainder when c(-1) is divided by v/9 + 52/6?
7
Let p = -47 + 81. What is the remainder when 66 is divided by p?
32
Let h = 52 - 44. Suppose -31 = -5*c + 84. What is the remainder when c is divided by h?
7
Calculate the remainder when (-22)/143 - (-5208)/52 is divided by 35.
30
Let o = -24 - -37. Suppose 0 = 2*w - 4*w + 48. Calculate the remainder when w is divided by o.
11
Let g(l) = -2*l**3 - 5*l**2 - l + 2. What is the remainder when g(-3) is divided by 5?
4
Let a(n) = n**2 - n. Let u be a(-1). Suppose -t - u = -i, 2*i - 4*t = -0*i - 6. Calculate the remainder when 32 is divided by i.
4
Let j(d) = -10*d - 3. Calculate the remainder when 18 is divided by j(-1).
4
Let f = -31 - -54. Let s = -82 - -149. What is the remainder when s is divided by f?
21
Let a = -26 + 40. Let r be -2 - -11 - (0 + -3). Calculate the remainder when r/((-33)/(-10) + -3) is divided by a.
12
Let z(u) = u**2 + 7*u + 4. Let d be z(-4). Let o = 11 + d. Let i = -9 + 13. Calculate the remainder when i is divided by o.
1
Suppose 6 = k + k, 0 = -r - 2*k + 13. Suppose -r = -m - 3*l + l, -5*m + 11 = -2*l. What is the remainder when 8 is divided by m?
2
Let q(a) be the third derivative of -a**6/120 + a**5/15 + 2*a**3/3 + a**2. Calculate the remainder when 24 is divided by q(3).
11
Suppose 0*j - 33 = -j + 5*x, 0 = -4*x - 12. Suppose 12*r = 16*r - 136. Calculate the remainder when r is divided by j.
16
Let x = 29 + -13. Calculate the remainder when 63 is divided by x.
15
Suppose 0 = -0*q + 3*q - 3. Let c = 27 - q. Suppose 34 = 5*p - c. Calculate the remainder when 23 is divided by p.
11
Suppose 2*r = 3*b + 56 - 11, 0 = r - 4*b - 20. Calculate the remainder when 93 is divided by r.
21
Suppose i - 459 = -5*b - 2*i, 99 = b + 3*i. Suppose b = 5*g - 0*g. What is the remainder when 33 is divided by g?
15
Suppose 5*q + 27 + 318 = 5*o, -4*o + 5*q = -275. Calculate the remainder when o is divided by 12.
10
Suppose 2*z + u = 0, -4*z + 5*u = 3*u - 16. Suppose z*b = -2*b + 384. Suppose -x + b = 2*x. What is the remainder when x is divided by 11?
10
Suppose 3*l + l = 56. Let v = l + -4. What is the remainder when (48/20)/(2/v) is divided by 5?
2
Let i(v) = -4*v - 7. Let z be i(-5). Suppose -2*p + z = -15. Let o = p - 6. What is the remainder when o is divided by 5?
3
Suppose -70 = -3*d + 2*z, -119 = -5*d - 0*z + z. Calculate the remainder when d is divided by 5.
4
Let h(y) = y**3 + y**2 - 3*y - 1. Let q be 18/8 + 4/(-16). Calculate the remainder when h(-2) is divided by q/(-3)*(-6)/4.
0
Suppose -10 = -v - 0*v. Suppose -k + 39 = v. Calculate the remainder when k is divided by 15.
14
Suppose -4*r - 5*x = 80 + 84, -3*x + 168 = -5*r. Let b = r - -77. Calculate the remainder when b is divided by 14.
13
Let u be (2 - 6)*(3 - 4). Suppose -a - a + 78 = 5*h, 4*a - 100 = u*h. Let y(b) = 15*b**2. What is the remainder when a is divided by y(-1)?
14
Suppose 5*h = -0*h + 220. Calculate the remainder when h is divided by 16.
12
Suppose -361 = -5*z - 3*o, -1 = -o + 1. Calculate the remainder when z is divided by 24.
23
Let d(s) = 6*s**2 - 2*s. Calculate the remainder when d(-3) is divided by 21.
18
Suppose 0 = 2*z + 2*s - 54, -z = z + 5*s - 57. Calculate the remainder when 76 is divided by z.
24
Let r = 1 - -14. Let o(j) = 3*j - 1 + j - 3*j + 43*j**2. Calculate the remainder when o(1) is divided by r.
13
Suppose -6*m = -m - 115. Suppose 4 - 12 = -d. Calculate the remainder when m is divided by d.
7
Let c(y) = y - 1. Let h(p) = -3*p - 17. Let f(m) = -4*c(m) - h(m). What is the remainder when f(-19) is divided by 21?
19
Let q(n) = n**3 - 4*n**2 + 7*n - 6. Suppose -3*x + 5 = 5*v, 0 = v - 0*v - 5*x - 29. What is the remainder when q(v) is divided by 10 + (2 - 4) + 0?
6
Let y(v) = -3 - 10*v + v - 5*v - 4*v. Let k = 42 + -25. Calculate the remainder when y(-2) is divided by k.
16
Suppose -3*h + 135 - 45 = 0. Calculate the remainder when 117 is divided by h.
27
Let l = -33 - -71. Calculate the remainder when l is divided by ((-8)/(-20))/((-1)/(-25)).
8
Let u be 1*1*(-1 + 0). Let x = 0 - u. What is the remainder when 5 is divided by 2 + x + -2 + 2?
2
Suppose -4*b + 35 + 77 = 0. Calculate the remainder when 80 is divided by b.
24
Let s = -29 + 50. Suppose 26 = 4*q - 18. What is the remainder when s is divided by q?
10
What is the remainder when 97 is divided by 2*2/(-16)*-100?
22
Suppose p - 36 = -110. Let u = -43 - p. What is the remainder when u is divided by ((-4)/(-2))/(2/11)?
9
Let z(a) = 7*a - 6. Calculate the remainder when z(3) is divided by 4.
3
Suppose -2*n + 8 = 0, -n + 56 = 5*g - g. Let a = 35 - -2. Calculate the remainder when a is divided by g.
11
Suppose 2*i + 112 = 6*i. Calculate the remainder when 52 is divided by i.
24
Let x = 9 + -6. Calculate the remainder when 6 is div